+ 17*k + 5*f, 3*f + 15 = 0. List the prime factors of k.
2, 1601
Let c = 23 + -25. Let k be (-9)/(-12)*(-122 + c). List the prime factors of k*(-1)/(-3)*-1.
31
Let l be 1*-1*(-6 - 78/(-13)). Suppose 7*b + 2*b - 3240 = l. What are the prime factors of b?
2, 3, 5
Suppose 3*f - c = 4*c + 8744, 2*f - 5826 = 4*c. List the prime factors of f.
37, 79
Suppose 445056 = 29*r - 280234. What are the prime factors of r?
2, 5, 41, 61
Suppose 0 = x - 7*x + 1758. Let o = 445 - x. What are the prime factors of o?
2, 19
Let n = 32010 + -16914. List the prime factors of n.
2, 3, 17, 37
Suppose -5*n - 4*x = 73, -25 - 3 = 2*n + x. Let u(s) = 3*s**2 + 24*s + 26. List the prime factors of u(n).
13, 17
Let f be (2 + -2)*1/(-3). Suppose 3*x + 5*m - 1544 = f, 648 + 914 = 3*x - 4*m. List the prime factors of x.
2, 7, 37
Suppose 5*m + l = 1318, 2*m - 6*l = -l + 511. Let d = m - 175. Suppose -2*y - d = -3*y. What are the prime factors of y?
2, 11
Let o(c) = 2*c**3 - 25*c**2 - 129*c + 668. What are the prime factors of o(25)?
2, 3, 11
Let w(o) = 2*o + 3 + 0 - 7 + o + 251*o**2. Suppose -60*i = -62*i + 2. List the prime factors of w(i).
2, 5
Suppose 15 = 5*b, 2*u + 4*b - b = 577. Let m = u - -390. List the prime factors of m.
2, 337
Let l be (-11)/(33/(-6)) - (465 - 0). Let p = l - -740. Let s = 420 - p. List the prime factors of s.
11, 13
Suppose -3*f = 2*z - 11, 15 = 2*f + 2*z + 5. Let k(s) = 527*s**3 - 2*s**2 + 6*s - 4. What are the prime factors of k(f)?
17, 31
Suppose -281*n - 282*n + 555*n + 105288 = 0. What are the prime factors of n?
3, 41, 107
Let j(l) = 5*l**2 + 10*l + 5. Let v be j(8). Let k be (-28845)/v - (1 + (-11)/9). Let h = k - -159. List the prime factors of h.
2, 11
Suppose -19200 = -5*x - 325*m + 330*m, x = -3*m + 3804. What are the prime factors of x?
3, 1277
Let p(l) = -244*l + 2912. What are the prime factors of p(-30)?
2, 1279
Let z = 9460 - 5737. What are the prime factors of z?
3, 17, 73
Let g(h) = h**2 + 28*h - 26. What are the prime factors of g(-49)?
17, 59
Let c(w) = w**3 - 18*w**2 - w + 21. Let t be c(18). Suppose 0 = i + t*i. Suppose 4*m - 235 - 93 = i. What are the prime factors of m?
2, 41
List the prime factors of 2*6*-2413*(-14)/1064.
3, 127
Let w be 9/(-6)*(0 - 12/9). Suppose -3*i = i + 4*j - 2120, w*i - j = 1069. List the prime factors of i.
13, 41
Suppose 140 = -2*f - 8. Let y = 905 - f. Suppose 0 = -6*b + 335 + y. What are the prime factors of b?
3, 73
Let s(h) = -5 + 3 - 17*h - 8 + 1. Suppose 10*q = 11 - 31. List the prime factors of s(q).
5
Let p(y) = 4944*y + 2635. What are the prime factors of p(3)?
17467
Let d be (3 + -1)/4*6. Suppose 0 = 3*c + d*b + 21, c + 2 = -c + 4*b. What are the prime factors of 112/(-1 - c) + (1 - 3)?
2, 13
Suppose 2*m + 2*t = 21146, m - 18*t = -14*t + 10528. List the prime factors of m.
2, 19, 139
Suppose 0 = -8*o + 12*o + 12. Let t be 188*(1 + o)/(-4). Suppose -2*w + 4*v + t = 0, 0*v + 44 = w - v. What are the prime factors of w?
41
Let q = 6721 + 649. List the prime factors of q.
2, 5, 11, 67
Suppose 33 = 2*c + 17. Suppose c*p - 180 = 4*p. Let q = 82 - p. List the prime factors of q.
37
Suppose 23 = -7*x + 72. Let f = 16 - x. Suppose f*y - 77 = 2*y. What are the prime factors of y?
11
Let v be (17442/68)/(2/((-16)/(-3))). List the prime factors of (-10 - v)*(-1)/2.
347
Suppose -3 = -4*w + 3*q, 0 = -w - 5*q - 0*q - 5. Suppose w = -5*h - a - 223, -3*h = -3*a + 28 + 113. Let v = h - -71. What are the prime factors of v?
2, 13
Let f(s) = 351*s - 480. What are the prime factors of f(188)?
2, 3, 53, 103
Suppose 3*p + 257 + 793 = 0. Let r = -196 - p. What are the prime factors of r?
2, 7, 11
Let c = 22371 - 15463. What are the prime factors of c?
2, 11, 157
Suppose 0 = 7*i + 26449 - 84564 - 68921. What are the prime factors of i?
2, 13, 349
Let v(d) = -16*d - 35. Let x(g) = -1. Let a(w) = -v(w) + 6*x(w). Suppose 5*p = -4*y - 0*y + 21, -14 = -3*y - 2*p. What are the prime factors of a(y)?
3, 31
Suppose 22*h + 5*x + 32 = 26*h, x + 24 = 3*h. Suppose -h*t = -2669 - 1235. List the prime factors of t.
2, 61
Suppose b - 156 = 253. Suppose 42*w + 5329 = -4499. Let j = b + w. What are the prime factors of j?
5, 7
Suppose -7*d = -8476 - 14022. Let c = 4984 - d. Suppose 4*i = 14*i - c. List the prime factors of i.
3, 59
Suppose 14*u - 38250 = 14*u - 10*u. What are the prime factors of u?
3, 5, 17
Let v be (130/4)/(10/100). List the prime factors of v + -2 + 10/((-100)/(-30)).
2, 163
Let n = 25468 - 20084. List the prime factors of n.
2, 673
Let o = -182 - -182. Suppose -444*m + 447*m - 1329 = o. List the prime factors of m.
443
Let a(w) = -4*w - 31. Let n be 4 + -2 + 15/((-45)/48). What are the prime factors of a(n)?
5
Suppose -5*m + 15*g = -137785, -m + 31860 = 3*g + 4267. List the prime factors of m.
5, 1103
What are the prime factors of ((-2)/4)/(9*(-20)/3607560)?
11, 911
Let y(p) = -5*p**3 + 4*p**2 + 3*p. Let f be y(-2). Suppose -136*j - 126 = -138*j. Let r = j - f. List the prime factors of r.
13
Suppose 4*k - 9 = -0*b - 3*b, -2*k - 2*b = -6. List the prime factors of 0 + 5 + k + 158.
163
Let c(g) = 13 + 18*g**2 + 23*g - 76*g + 14*g - g**3. What are the prime factors of c(12)?
409
What are the prime factors of 36/18 + (-32740)/(-2)?
2, 4093
Let g be (18/(-15))/((-21)/70). Suppose n = -3, g*n - 3*n = p - 36. What are the prime factors of p?
3, 11
Let j(k) = k**2 - 3*k + 20. Let x(v) = -v**2 + 2*v - 20. Let u(t) = 5*j(t) + 4*x(t). Let y(w) = -2*w + 4. Let d be y(-3). What are the prime factors of u(d)?
2, 5
Let r(d) = 3*d**2 + 3*d + 2. Let t(j) = -j**3 + 9*j**2 + 12*j. Let q(z) = -6*r(z) + t(z). Let w be 2*(-6)/(-4)*-3. What are the prime factors of q(w)?
2, 3, 7
Let d(p) = 98*p + 21. Let h be d(10). Let v = -571 + h. What are the prime factors of v?
2, 5, 43
Let n(b) be the first derivative of 3*b**4/4 - 7*b**3/6 + 5*b**2 - 18*b + 3. Let m(y) be the first derivative of n(y). List the prime factors of m(4).
2, 3, 7
Suppose -145*r + 3039966 = 417707 - 1234741. What are the prime factors of r?
2, 5, 7, 19
Suppose -3114*z + 20 = -2*m - 3110*z, -4*m + 10 = 2*z. Suppose 4*j - v = 68, -3*j = -4*v - 52 + 14. Let y = m + j. List the prime factors of y.
2, 3
Suppose -1466107 - 4056280 = -149*a. What are the prime factors of a?
13, 2851
Suppose a - 1 = u - 0, 3*a = 3. Suppose 0 = -u*z + 6*z + 450. List the prime factors of ((-176)/20)/(10/z).
2, 3, 11
Suppose -321*b + 7145454 = -143*b. What are the prime factors of b?
3, 13381
Let k = 181 + -178. Suppose -608 = -k*w - w. List the prime factors of w.
2, 19
Let y(k) = 3*k**2 - 24*k + 1427. What are the prime factors of y(32)?
7, 13, 41
Let o = -901 + 11570. What are the prime factors of o?
47, 227
Suppose -5*m + 59 = x, 2*m = -0*m + 3*x + 10. Suppose -2*r - 2 = 2*s, -6*s + s = -3*r - m. Let o(j) = 12*j - 2. List the prime factors of o(s).
2, 5
Let q = 578 - 559. Suppose -4*n = q - 11, 4*y + 3*n - 2922 = 0. List the prime factors of y.
2, 3, 61
Let j(t) = -t**3 + 7*t**2 - 2*t + 5. Let b be j(5). Suppose -h = -6*h + 2*y - 11, 5*y = 3*h - 1. Let x = b - h. What are the prime factors of x?
2, 3
Let n(s) = -56*s - 9. List the prime factors of n(-48).
3, 19, 47
Let p = -18976 - -40069. What are the prime factors of p?
3, 79, 89
Suppose 19*o + 5406 = 14792. Suppose -o = -u + 903. What are the prime factors of u?
11, 127
Suppose -4*h - 179 = -3491. Let f = h + -473. What are the prime factors of f?
5, 71
Suppose 2*a - 3*h - 85 = 0, -5*a = 2*h - 190 - 70. Let x = a + 357. List the prime factors of x.
11, 37
Let x(v) = v + 10. Let t be x(-20). Let u(w) = w**2 + 12*w - 8. Let f be u(t). What are the prime factors of (-3416)/(-18) + (1 - f/(-36))?
2, 5, 19
Suppose -4*f = 10*f - 9*f. Suppose -25*x + 23*x = f. Suppose -3*l - 35 + 242 = x. List the prime factors of l.
3, 23
Suppose -498 = -q + 5*r - 3403, -2*r = q + 2884. Let z = -1870 - q. What are the prime factors of (3/(-7) - z/560)*-36?
3
Let y(d) = d + 2. Let m = 28 - 32. Let a be y(m). List the prime factors of 2/a - (5 - 81).
3, 5
Let o(q) = 11*q**2 - 28*q - 27. Let r be o(-1). List the prime factors of 15/20 - (-4455)/r.
2, 3, 31
Let c be (-2639)/42 - ((-14)/12)/(-7). Let v = 148 + c. List the prime factors of v.
5, 17
Let i(n) be the third derivative of -n**6/120 - 9*n**5/20 - 2*n**4/3 - 49*n**3/3 - 107*n**2. What are the prime fa